Let v be (-1 - 2)*(-18)/27. Suppose -3*f - v*f - 20 = 0. What is the tens digit of (f/10)/((-1)/30)?
1
Let t = -7 + 11. Suppose y = -t*y + 10. What is the tens digit of 7 + y + -6 - -26?
2
Suppose -4 = -2*x + 2*r + 10, 25 = -5*r. Suppose s + x*s - 84 = 0. Suppose -4*w = -12 - s. What is the units digit of w?
0
Let l(z) = -z + 5. Let h be l(7). Let a be ((-3)/h)/((-5)/(-10)). Suppose -5*j - 9 = -p, -p + 20 = -j + a. What is the tens digit of p?
1
Let i = 606 + -420. Suppose 2*k = 2*o - i, -5*o = 2*k + 1 - 438. What is the tens digit of o?
8
Suppose 5*y = 14 + 86. Suppose -27*u = -32*u + y. What is the units digit of u?
4
Let i = 10 - 10. Suppose i = -2*l - 6, 2*h - 13 = 3*h + 4*l. Let d = h + 13. What is the units digit of d?
2
Let q = -405 - -924. What is the hundreds digit of q?
5
Let k be 3 - 0 - (-2 - -1). Suppose 0 = -r + k*r. Suppose 39 = 2*i + j, r = -0*j - 2*j - 2. What is the units digit of i?
0
Let g = 818 - -281. What is the hundreds digit of g?
0
Let h(c) = 3*c - 16. Let p be h(7). What is the units digit of (-346*p/10)/(-1)?
3
What is the units digit of ((-2)/(-4))/(4/6896)?
2
Let s(j) = -60*j + 566. What is the hundreds digit of s(-20)?
7
Let d = -18 + 13. Suppose 3*a - a = -2*w + 52, 3*a + 2*w - 77 = 0. What is the units digit of ((-1)/5)/(d/a)?
1
What is the units digit of ((-3257)/2)/((-55)/110)?
7
Let a = 1211 + -311. What is the hundreds digit of a?
9
Suppose 4*a - 24*a = -8160. Suppose p + 2*d = 72, -2*d - a = -p - 4*p. What is the units digit of p?
0
Let p = -14 - -10. Let l be (-2 - p) + 4*16. Suppose -l = -3*j - 0. What is the tens digit of j?
2
Suppose -8*z + 3*z - 735 = -2*v, -5*v - 2*z = -1852. What is the tens digit of v?
7
What is the units digit of (-199)/((-10)/(-6) - (8 + -6))?
7
Let s(y) = 254*y - 174. What is the units digit of s(10)?
6
Suppose 0 = -52*h + 135530 + 109390. What is the units digit of h?
0
Let z = -2 - -2. Suppose -d - 3*d = z. Suppose -42 = -d*r - 3*r. What is the tens digit of r?
1
Let x = 8 + -10. Let d = 2 - x. Suppose 3*j - 56 = -j + d*o, 0 = -o - 3. What is the tens digit of j?
1
Let b(w) be the second derivative of 7*w**3/6 - w**2 + 2*w. Suppose 7*t = -10 + 45. What is the tens digit of b(t)?
3
Let t = -29 - -441. What is the units digit of t?
2
Suppose 4*h + 21 = -15. Suppose -2*y - 21 = 5*q, -y - 30 = -0*y - 4*q. Let k = h - y. What is the units digit of k?
9
Suppose -8*r = -10*r. Let g(m) = m**2 + 2*m + 21. What is the tens digit of g(r)?
2
What is the hundreds digit of ((-10)/(-6))/((-14)/(-5082))?
6
Let c(n) = 2*n**2 - 2*n - 5. Let m be c(-2). Suppose 0 = m*o - 83 - 1443. What is the tens digit of o?
1
Let u(p) = p**2 + 3*p + 4. Let o be u(-2). What is the tens digit of (31 + -25)*11/o?
3
Suppose -86*r = -87*r + 790. What is the units digit of r?
0
Let x(n) be the first derivative of n**2 - 2*n + 0*n - 1 + 6. What is the units digit of x(3)?
4
Let v(h) = 2*h**3 - 6*h**2 - 3*h - 11. Suppose 0 = -13*k - 0*k + 65. What is the units digit of v(k)?
4
Suppose 13*d = 3*d + 40. Suppose d*q = -v + 72 + 82, -205 = -5*q + 5*v. What is the units digit of q?
9
Let u(x) = 877*x + 63. What is the hundreds digit of u(2)?
8
Suppose 12 = -x + 5*x. Suppose o - 4*q = -3*q + 65, 3*o + x*q = 177. What is the units digit of o?
2
Suppose -9*h + 6312 = 3*h. Suppose -211 = -4*u + s + h, 3*u = -2*s + 550. What is the units digit of u?
4
Let n(y) = -15*y - 2. Let g(d) = 11*d - 14. Let c(j) = 4*j - 5. Let k(t) = -8*c(t) + 3*g(t). Let v be k(1). What is the units digit of n(v)?
3
Suppose -7*y = -10 - 32. Suppose y*s - 244 = 1502. What is the tens digit of s?
9
Let f be -2 + 2 + (-1 - -4). Let u(o) be the third derivative of o**6/120 - o**5/20 + o**4/8 + o**3/2 - 7*o**2. What is the units digit of u(f)?
2
Let m(v) = 3*v**2 + v - 2. Let g be m(1). Suppose -3*a + h = -207, g*a - 139 = -h + 2*h. Suppose 0*o + a = 4*o. What is the tens digit of o?
1
Let j = 4943 + -3267. What is the hundreds digit of j?
6
Let z be (1 - (-1 - -5))*-1. Let x be (-3 - (z - 6))/3. Suppose -2*r + 5 + 3 = x. What is the units digit of r?
4
Suppose 0 = 21*j - 18*j - 3255. What is the tens digit of j?
8
Suppose -6*i + 7557 + 1737 = 0. What is the hundreds digit of i?
5
Suppose -5*z - 3*r = -9903, 5*z - 11*r + 9*r = 9898. What is the tens digit of z?
8
What is the thousands digit of (-2 + 12 + -17)*-403?
2
Let c be 48/10 - (-10)/50. Suppose -3*r - c*z + 22 + 2 = 0, -4*z + 24 = 4*r. Suppose -r*s - 2*s + 80 = 0. What is the units digit of s?
6
Let q(c) = 5*c**2 + 3*c**2 + 11 + 5*c**2 - 4*c**2 - c**3 - 4*c. Let a be q(9). Let u = a - -48. What is the tens digit of u?
2
Let f(p) = p + 9. Let q be f(-14). Let w(l) = l**3 + 4*l**2 - 5*l + 3. Let u be w(q). Suppose u*v - 83 - 31 = 0. What is the tens digit of v?
3
Let m = 106 + 379. What is the units digit of m?
5
Let j(o) = o + 2. Let f be j(-2). Let q be 0*(-2)/6 + f. Suppose q = -y - 0*y + 24. What is the tens digit of y?
2
Suppose 31*r + 487 = 4858. What is the tens digit of r?
4
Let l = -4 + 5. Let g(w) = -w - 1 + 0*w**2 + 3*w**2 + 2*w. What is the units digit of g(l)?
3
Suppose 5*f + 3*l - 2325 = 0, -2*f + f + 4*l + 442 = 0. Suppose -4*m + 142 = -f. What is the units digit of m?
1
Suppose -4*k = -67*p + 71*p - 10148, p - 10160 = -4*k. What is the thousands digit of k?
2
Suppose t = 5*a - 21, -2*t = -3*t - 1. Suppose 0*l - a = -l. Suppose 0 = j + 3*p - l, 5*j + 0*p - 20 = -2*p. What is the units digit of j?
4
Suppose 10*z + 9676 = 14*z - 4*c, -2*z + 4853 = c. What is the hundreds digit of z?
4
Let n = -72 - -54. Let y = 54 + n. What is the tens digit of y?
3
Let p be 2/10*112*5. Let y = -3 + p. What is the units digit of y?
9
Let s be (5 - 2)*(1/(-3))/(-1). Suppose -5*l = -3*k + 2*k - 18, -5 = -l. What is the tens digit of 74 - (k + (s - 4))?
7
Suppose 37*n - 10 = 32*n. Suppose 2*b - 544 = -n*b. What is the units digit of b?
6
Suppose 4*b - 3*r = -0*b + 77, -3*r + 3 = 0. Let i be b/8*16/10. Suppose m - 3*o - 71 = o, 0 = 4*o + i. What is the units digit of m?
7
Let r(k) = k**3 - 6*k**2 + k. Let p be r(6). Let x be 4/(-24) - (-37)/p. Suppose -2*o = 2*l - x - 10, o - 24 = -3*l. What is the units digit of l?
8
Let j be 6/2 - (2 + -1). Let r(o) = -o**2 + 8*o - 8. Let m be r(6). Suppose j*n = m*n - 10. What is the units digit of n?
5
Let k be ((-8)/10 - (-16)/20) + 118. Suppose 0 = -4*n + 6*n - k. What is the units digit of n?
9
Let p = 22 + -31. What is the units digit of (-8)/12 + (-447)/p?
9
Let j(h) = 4*h**2 - 11*h + 9. Suppose 4*g = 4*o - 52, -o + 3*g - 4 = -27. What is the units digit of j(o)?
7
Suppose 11*o = 13*o + 178. Let u = o - -210. What is the tens digit of u?
2
Let c = -260 + 473. Suppose 4*s + c = 5*u, 5*s = 6*u - 3*u - 133. What is the tens digit of u?
4
Let b be (4/(-6))/((-8)/(-12)). What is the units digit of (2 - b/(-1))/((-1)/(-77))?
7
Let s(l) = -40 - 58 + l**2 + 6*l + 69. What is the hundreds digit of s(-16)?
1
Suppose -266*t - 9297 = -275*t. What is the units digit of t?
3
Let y(n) = -n**2 - 22*n + 27. Suppose 80 = l - 5*l. What is the units digit of y(l)?
7
Let u(g) = g**3 + 10*g**2 + 17*g - 14. Let s(x) = -4*x**3 - 29*x**2 - 50*x + 42. Let c(n) = 2*s(n) + 7*u(n). What is the tens digit of c(13)?
6
Suppose 2*t = -f + 181, -6*f + t = -3*f - 571. Let r = f + -96. What is the units digit of (-1)/(-4) + r/12?
8
Let v(r) = 10*r**2 - 8*r + 65. What is the hundreds digit of v(7)?
4
Let f(w) = w + 8. Let t be f(-6). What is the units digit of (-449)/(-2) - 6 - t/4?
8
What is the tens digit of -46*(-65)/(-10)*-1?
9
Let y(t) = t**3 + 5*t**2 - t. Let h be y(-5). Let c be 5/((-5)/(-99)) + 1 + -4. Suppose -5*j + 2*d + 21 = -c, -h*j - d + 114 = 0. What is the units digit of j?
3
What is the hundreds digit of 2746/4 + ((-207)/18)/23?
6
Suppose -11*j + 7 = 51. Let l(p) = -2*p**3 + 3*p**2 + 7*p + 4. What is the hundreds digit of l(j)?
1
Let k = -46 + 166. Suppose 0 = m + 5*b - b - k, -2*m + 200 = -2*b. What is the units digit of m?
4
Suppose -19*a + 9280 = 21*a. What is the hundreds digit of a?
2
Suppose -50 - 20 = -5*v. Let x be (-14)/4*(-72)/v. Suppose -20 = -2*c + x. What is the units digit of c?
9
Let v(p) = -p**2 + 3*p - 2. Let s be v(2). Suppose s = -5*n + 8 + 2. Suppose -5*w = -3*y + 26, -n*w - w - 2 = 5*y. What is the units digit of y?
2
Let t(d) = d**3 + d**2 + d + 3. Let r be t(0